r + 46952. What is the thousands digit of r?
5
Let m = -141 + 1286. What is the thousands digit of m?
1
Let p = -1993 - -3895. What is the hundreds digit of p?
9
Suppose -v + 4 = -0*v. What is the units digit of (-1)/(-1) - v/(-6)*57?
9
Let f(p) = 13*p**2 + 13*p - 49. What is the thousands digit of f(16)?
3
Suppose -14982 = 401*r - 407*r. What is the thousands digit of r?
2
Suppose 11 = 3*w + 17. What is the units digit of -12*(w/(-7) - 232/224)?
9
Let u be 1/4 - (-30)/8. Suppose 3*s - u*s + 4 = 0. Suppose -s*d = -3*d - 18. What is the tens digit of d?
1
Let o be (-435)/9 - 3/(-9). Let v be -2 + (o/3)/(-4). Let b(a) = 8*a. What is the tens digit of b(v)?
1
Suppose -5*p = -10, 5*p = -c + 2*p + 6. What is the tens digit of 33 - ((c - -3) + 1)?
2
Let m(n) = -n**3 - 6*n**2 - 12*n - 8. Let j be m(-4). Suppose -4 = -j*f + 252. What is the tens digit of f?
3
Suppose 22*u - 39*u + 5440 = 0. What is the hundreds digit of u?
3
Suppose 4*x - 3*x = -4*q - 226, 5*x - 102 = 2*q. Let u = q - -368. What is the tens digit of u?
1
Let v(r) = -r - 1. Let w be v(-3). Suppose 0 + w = 2*p. What is the tens digit of (-145)/(-6) + p/(-6)?
2
Let t = 59 - 19. Let q = 164 - t. What is the hundreds digit of q?
1
Let g = 261 + -140. What is the units digit of g?
1
Let t(v) = -v**3 + 9*v**2 - 9*v + 12. What is the tens digit of t(7)?
4
Let f be 462/48 + (-12)/(-32). Let h be -1*-6*(-5)/f. What is the tens digit of (5/h)/((-4)/132)?
5
Let r = -2 + 3. Let j be -208 + -1 + -2 + r. What is the units digit of 12/8*j/(-9)?
5
Let x(t) = 3*t - 2. Suppose -7*w + 3 + 4 = 0. Let y = 4 + w. What is the units digit of x(y)?
3
Suppose 3*h = -12, 32 = 4*d - 2*h - 2*h. Let l(p) = 7*p**2 - 3*p + 10. What is the tens digit of l(d)?
1
Suppose 3*x + 47 + 10 = 0. Let b = 24 + x. Suppose 0 = -b*m + 2*m + 60. What is the units digit of m?
0
Suppose 0*x = 3*x - 3*f - 27, 3*f - 33 = -2*x. Suppose c - 11 = 5*l + x, 4*c + l - 8 = 0. Suppose 7 = c*s - 20. What is the units digit of s?
9
Let r = 1388 - -1044. What is the units digit of r?
2
Let h(u) = u**2 + 7*u + 6. Let o(r) = 1. Let w(z) = h(z) - 4*o(z). Let n be w(-5). Let l = 27 + n. What is the units digit of l?
9
Let g(k) = 31*k**2 - k - 1. Let r be (-46)/(-14) + 6/(-21). Suppose 0*w = -r*w - 3. What is the tens digit of g(w)?
3
Let h = -5 + 15. Let o(p) = p**3 - 10*p**2 + p - 10. Let u be o(h). What is the units digit of 27 + u*4/8?
7
Let k = -1213 + 4555. What is the units digit of k?
2
Let h be (-2)/(-1) + (-6)/2. Let n = 1 - h. Suppose -4 = t + 5*b, -3*t + 4*b = n*t - 38. What is the units digit of t?
6
Let d(t) = -t**3 - 3*t**2 - 4. Let q be d(-3). Let v = -2 - q. Suppose -v*r = -4*r + 40. What is the units digit of r?
0
Suppose -4*u = -0*u - 12. Suppose 0 = 2*s - 0*i - 2*i - 44, -78 = -3*s - u*i. What is the units digit of s?
4
Suppose -2*b - 4971 = -5*n, -24*b = -19*b - 10. What is the units digit of n?
5
Let m(b) = b**2 + 7*b + 7. Let d be m(-6). Let i(k) = -k**2 - 16 + 18 - 2*k + 14*k**2. What is the tens digit of i(d)?
1
Let a(y) be the second derivative of y**5/10 + y**4/3 + y**3/2 + y**2 + 5*y. Let f be a(-2). What is the units digit of 2/f + (-1020)/(-24)?
2
Suppose 0 = 11*l - 37517 - 895. What is the hundreds digit of l?
4
Let n be 118*2*(14/8 - 2). Let m = -23 - n. What is the tens digit of m?
3
Let n(o) = 247*o - 224. What is the tens digit of n(15)?
8
Suppose -53*v = -48*v - 8365. What is the units digit of v?
3
Suppose -2*u - 4*a - 62 = 0, -34 - 19 = 2*u - 5*a. Let h = -248 + 312. Let b = h + u. What is the tens digit of b?
3
Let w be 41/4 + (-21)/(-28). Suppose -15*i + 344 = -w*i. What is the units digit of i?
6
Let a = 86 + -81. Suppose -a = 2*l + 3*l, x = -l + 80. What is the units digit of x?
1
Let c(b) = 5*b - 1. Let a be c(1). Let v(k) = -12 - 7 + 14 + 8*k + 0*k. What is the units digit of v(a)?
7
Let z(o) = -o**3 - 9*o**2 - 6*o + 11. Let f be z(-8). What is the units digit of (f - -2)*(-13)/((-26)/(-96))?
4
Suppose -2*n + 6*f = 4*f - 614, 3*n + 3*f = 909. Let k = n + -186. What is the tens digit of k?
1
Let j = -26 + 157. Let n = -90 + j. What is the units digit of n?
1
Let p(q) = -q + 2 - 6 - 5. Let v(w) = w**2 - 13*w + 11. Let m be v(11). What is the units digit of p(m)?
2
What is the hundreds digit of 3/6*(-1 + 467)?
2
Suppose -22*o - 15744 = -34*o. What is the units digit of o?
2
Let z(n) = n**3 - 10*n**2 + 44*n - 71. What is the thousands digit of z(16)?
2
Suppose 0*y - r = -2*y - 71, 0 = -3*y - r - 109. Let q = -7 + -52. Let d = y - q. What is the tens digit of d?
2
Suppose -4*m - 141 - 15 = 0. Let p be 9*(3/(-5))/(90/(-100)). What is the tens digit of p/(1 - 3) - m?
3
Suppose -3*t + 174 - 51 = -o, -3*o - 304 = 4*t. Let q = o - -150. What is the units digit of q?
2
Let m = -59 - -63. Suppose -129 = m*n - 5*n. What is the hundreds digit of n?
1
Let f = 11 + 30. Suppose -31 = -3*p + f. What is the units digit of p?
4
Suppose 0 = -4*z - 4*y + 4, z + 1 = 4*z + 5*y. Let b(x) = 0*x**z + 4 + 2*x**2 - 10*x - x**2 + 4*x. What is the units digit of b(-6)?
6
Suppose -4*o = 4*i + 8 - 32, -i + 4*o = -6. Let z(a) = -5 - a + 4*a**2 - a**3 + 2*a + i*a**2 + 2*a. What is the tens digit of z(10)?
2
Suppose -11625 = -4*b - 0*b + 3*z, -3*z = -2*b + 5817. What is the hundreds digit of b?
9
Suppose -q = -4*g + 42 + 13, 55 = -q + 3*g. Let i = -3 - q. What is the tens digit of i?
5
Suppose 0 = -0*w + 5*w - 90. Let c be 12/54 + 1166/w. Suppose -4*p = 3*l - c, -l = 3*l - p - 55. What is the tens digit of l?
1
Let h(u) = -3*u**3 - 2*u**2 + 6*u + 2. Let w = 37 - 41. What is the units digit of h(w)?
8
Let v(m) = -54*m**3 + 3*m**2 + 4*m - 1. What is the tens digit of v(-3)?
7
Let z = 9 + -6. Let h be (0 + -1)/(z/27). Let g = h + 15. What is the units digit of g?
6
Let s be 56/(-21)*6/(-4). Suppose 16 = 4*q, -3*h = -h + 3*q - 18. Suppose h*p + 75 = 3*x, -2*p + 89 = s*x + 13. What is the units digit of x?
1
Suppose 20 = 4*h, 3*h + 7 = -3*q + 2*h. What is the units digit of q + 6 + 30/2?
7
Let u = 427 - 246. What is the tens digit of u?
8
Suppose 27197 = -51*i + 127616. What is the hundreds digit of i?
9
Let f be (4473/45)/((-3)/(-15)). Let i = f - 295. What is the units digit of i?
2
Suppose t - 2*t = 42. Let a = t - -88. What is the units digit of 0 + a/((-4)/(-2))?
3
Suppose -23*x + 3862 + 32202 = 0. What is the units digit of x?
8
Suppose -3*y + 1293 = 5*j - 647, 0 = 3*j + y - 1168. What is the units digit of j?
1
Let x(c) = c**3 + 12*c**2 + 11*c + 1. Let f be x(-11). What is the units digit of 124 + (5 + f + -3 - 5)?
2
What is the hundreds digit of (-81)/108 - (-33516)/16?
0
What is the tens digit of (-309)/(11/(2618/(-21)))?
0
Suppose 0 = 4*q - 6286 - 2462. What is the units digit of q?
7
What is the tens digit of (-51)/(-34)*(-758)/(-3)?
7
Let o = -6103 - -9138. What is the hundreds digit of o?
0
Let x = 114 - 609. Let i = x + 825. What is the hundreds digit of i?
3
Suppose -11 = -3*y + 13. Suppose 2*m + 8 = -2*z, y = 3*z - 0*z - 2*m. Suppose -4*b = 2*l - 34, 3*l - 4*b = 1 - z. What is the units digit of l?
7
Let r(f) = -2*f**2 + 4*f**2 - 2 - 3*f**2 - 2*f - 9*f**3. What is the tens digit of r(-2)?
7
Let y = 0 - -5. Suppose -y*s - 6 = 5*n - n, 3*s + n = 2. Suppose -2*o + 6*o + w = 100, 4*o - s*w = 100. What is the tens digit of o?
2
Suppose -4*k + 550 + 1198 = l, 3*k = l + 1304. What is the tens digit of k?
3
Let g(x) = 9*x + 6 + 2*x + 5*x**2 + 20*x. What is the tens digit of g(-8)?
7
Suppose 21*p = 39*p + 1818. Let d be ((-326)/(-4))/(1/(-2)). Let a = p - d. What is the tens digit of a?
6
Let d(p) = -p + 2. Let o be d(7). Let x = 5 + o. Suppose 4*s + 104 = 4*l - 0, x = 4*s + 8. What is the tens digit of l?
2
Suppose 3*m + 2 = -70. Let x be (-4)/(m/9)*-20. Let c = -13 - x. What is the units digit of c?
7
What is the hundreds digit of 0 - -216 - (5 - 11)/6?
2
Let b be 24/(-42) + (-207)/(-7). Suppose 24*h + 450 = b*h. What is the tens digit of h?
9
Suppose 3*l - 26 + 8 = 0. Suppose g - 430 = l*g. Let o = g + 134. What is the units digit of o?
8
Let d(u) = u**2 - 10*u + 13. Let c be d(9). Suppose -q - q = 3*w - 109, -2*q + c*w = -116. What is the tens digit of q?
5
Let x(l) = 0 + 6 + 4*l**2 - 3*l**2 - 6*l. What is the units digit of x(13)?
7
Suppose 11*f - 32712 = -10327. What is the thousands digit of f?
2
Suppose 0 = 5*j - 30 - 120. Suppo